{"id":748,"date":"2015-06-05T14:03:58","date_gmt":"2015-06-05T14:03:58","guid":{"rendered":"http:\/\/www.akiyamasettimo.it\/?page_id=748"},"modified":"2022-03-05T18:23:34","modified_gmt":"2022-03-05T18:23:34","slug":"judo-amatori","status":"publish","type":"page","link":"https:\/\/www.akiyamasettimo.it\/?page_id=748","title":{"rendered":"Judo Amatori"},"content":{"rendered":"\t\t<div data-elementor-type=\"wp-page\" data-elementor-id=\"748\" class=\"elementor elementor-748\">\n\t\t\t\t\t\t<section class=\"elementor-section elementor-top-section elementor-element elementor-element-71418ebb elementor-section-boxed elementor-section-height-default elementor-section-height-default\" data-id=\"71418ebb\" data-element_type=\"section\" data-e-type=\"section\">\n\t\t\t\t\t\t<div class=\"elementor-container elementor-column-gap-default\">\n\t\t\t\t\t<div class=\"elementor-column elementor-col-100 elementor-top-column elementor-element elementor-element-6c10aa6d\" data-id=\"6c10aa6d\" data-element_type=\"column\" data-e-type=\"column\">\n\t\t\t<div class=\"elementor-widget-wrap elementor-element-populated\">\n\t\t\t\t\t\t<div class=\"elementor-element elementor-element-4267931a elementor-widget elementor-widget-text-editor\" data-id=\"4267931a\" data-element_type=\"widget\" data-e-type=\"widget\" data-widget_type=\"text-editor.default\">\n\t\t\t\t<div class=\"elementor-widget-container\">\n\t\t\t\t\t\t\t\t\t<p><strong>Chi \u00e8 judoka una volta lo \u00e8 per sempre.<\/strong><\/p><p>Il gruppo amatori \u00e8 composto da ex agonisti\u00a0che gareggiavano proprio sotto il nome Akiyama e che ora continuano a praticare judo con l&#8217;entusiasmo di sempre, inoltre non mancano nuovi appassionati a questa disciplina\u00a0di tutte le et\u00e0!<\/p>\t\t\t\t\t\t\t\t<\/div>\n\t\t\t\t<\/div>\n\t\t\t\t\t<\/div>\n\t\t<\/div>\n\t\t\t\t\t<\/div>\n\t\t<\/section>\n\t\t\t\t<section class=\"elementor-section elementor-top-section elementor-element elementor-element-1fc30f3 elementor-section-boxed elementor-section-height-default elementor-section-height-default\" data-id=\"1fc30f3\" data-element_type=\"section\" data-e-type=\"section\">\n\t\t\t\t\t\t<div class=\"elementor-container elementor-column-gap-default\">\n\t\t\t\t\t<div class=\"elementor-column elementor-col-100 elementor-top-column elementor-element elementor-element-57da9a0\" data-id=\"57da9a0\" data-element_type=\"column\" data-e-type=\"column\">\n\t\t\t<div class=\"elementor-widget-wrap elementor-element-populated\">\n\t\t\t\t\t\t<div class=\"elementor-element elementor-element-2dc6da1 elementor-widget elementor-widget-spacer\" data-id=\"2dc6da1\" data-element_type=\"widget\" data-e-type=\"widget\" data-widget_type=\"spacer.default\">\n\t\t\t\t<div class=\"elementor-widget-container\">\n\t\t\t\t\t\t\t<div class=\"elementor-spacer\">\n\t\t\t<div class=\"elementor-spacer-inner\"><\/div>\n\t\t<\/div>\n\t\t\t\t\t\t<\/div>\n\t\t\t\t<\/div>\n\t\t\t\t<div class=\"elementor-element elementor-element-de112d1 elementor-widget elementor-widget-heading\" data-id=\"de112d1\" data-element_type=\"widget\" data-e-type=\"widget\" data-widget_type=\"heading.default\">\n\t\t\t\t<div class=\"elementor-widget-container\">\n\t\t\t\t\t<h2 class=\"elementor-heading-title elementor-size-medium\">Gallery<\/h2>\t\t\t\t<\/div>\n\t\t\t\t<\/div>\n\t\t\t\t<div class=\"elementor-element elementor-element-cc93d13 elementor-widget-divider--view-line elementor-widget elementor-widget-divider\" data-id=\"cc93d13\" data-element_type=\"widget\" data-e-type=\"widget\" data-widget_type=\"divider.default\">\n\t\t\t\t<div class=\"elementor-widget-container\">\n\t\t\t\t\t\t\t<div class=\"elementor-divider\">\n\t\t\t<span class=\"elementor-divider-separator\">\n\t\t\t\t\t\t<\/span>\n\t\t<\/div>\n\t\t\t\t\t\t<\/div>\n\t\t\t\t<\/div>\n\t\t\t\t<div class=\"elementor-element elementor-element-138afe8 gallery-spacing-custom elementor-widget elementor-widget-image-gallery\" data-id=\"138afe8\" data-element_type=\"widget\" data-e-type=\"widget\" data-widget_type=\"image-gallery.default\">\n\t\t\t\t<div class=\"elementor-widget-container\">\n\t\t\t\t\t\t\t<div class=\"elementor-image-gallery\">\n\t\t\t<div id='gallery-1' class='gallery galleryid-748 gallery-columns-3 gallery-size-full'><figure class='gallery-item'>\n\t\t\t<div class='gallery-icon landscape'>\n\t\t\t\t<a data-elementor-open-lightbox=\"yes\" data-elementor-lightbox-slideshow=\"138afe8\" data-elementor-lightbox-title=\"DSC_0329 copia\" data-e-action-hash=\"#elementor-action%3Aaction%3Dlightbox%26settings%3DeyJpZCI6OTAwLCJ1cmwiOiJodHRwczpcL1wvd3d3LmFraXlhbWFzZXR0aW1vLml0XC93cC1jb250ZW50XC91cGxvYWRzXC8yMDE1XC8wNlwvRFNDXzAzMjktY29waWEtc2NhbGVkLmpwZyIsInNsaWRlc2hvdyI6IjEzOGFmZTgifQ%3D%3D\" href='https:\/\/www.akiyamasettimo.it\/wp-content\/uploads\/2015\/06\/DSC_0329-copia-scaled.jpg'><img fetchpriority=\"high\" decoding=\"async\" width=\"2560\" height=\"1707\" src=\"https:\/\/www.akiyamasettimo.it\/wp-content\/uploads\/2015\/06\/DSC_0329-copia-scaled.jpg\" class=\"attachment-full size-full\" alt=\"\" srcset=\"https:\/\/www.akiyamasettimo.it\/wp-content\/uploads\/2015\/06\/DSC_0329-copia-scaled.jpg 2560w, https:\/\/www.akiyamasettimo.it\/wp-content\/uploads\/2015\/06\/DSC_0329-copia-300x200.jpg 300w, https:\/\/www.akiyamasettimo.it\/wp-content\/uploads\/2015\/06\/DSC_0329-copia-750x500.jpg 750w, https:\/\/www.akiyamasettimo.it\/wp-content\/uploads\/2015\/06\/DSC_0329-copia-768x512.jpg 768w, https:\/\/www.akiyamasettimo.it\/wp-content\/uploads\/2015\/06\/DSC_0329-copia-1536x1024.jpg 1536w, https:\/\/www.akiyamasettimo.it\/wp-content\/uploads\/2015\/06\/DSC_0329-copia-2048x1365.jpg 2048w, https:\/\/www.akiyamasettimo.it\/wp-content\/uploads\/2015\/06\/DSC_0329-copia-810x540.jpg 810w, https:\/\/www.akiyamasettimo.it\/wp-content\/uploads\/2015\/06\/DSC_0329-copia-1140x760.jpg 1140w\" sizes=\"100vw\" \/><\/a>\n\t\t\t<\/div><\/figure><figure class='gallery-item'>\n\t\t\t<div class='gallery-icon landscape'>\n\t\t\t\t<a data-elementor-open-lightbox=\"yes\" data-elementor-lightbox-slideshow=\"138afe8\" data-elementor-lightbox-title=\"DSC_0178copia\" data-e-action-hash=\"#elementor-action%3Aaction%3Dlightbox%26settings%3DeyJpZCI6OTE4MCwidXJsIjoiaHR0cHM6XC9cL3d3dy5ha2l5YW1hc2V0dGltby5pdFwvd3AtY29udGVudFwvdXBsb2Fkc1wvMjAxNVwvMTFcL0RTQ18wMTc4Y29waWEuanBnIiwic2xpZGVzaG93IjoiMTM4YWZlOCJ9\" href='https:\/\/www.akiyamasettimo.it\/wp-content\/uploads\/2015\/11\/DSC_0178copia.jpg'><img decoding=\"async\" width=\"1199\" height=\"800\" src=\"https:\/\/www.akiyamasettimo.it\/wp-content\/uploads\/2015\/11\/DSC_0178copia.jpg\" class=\"attachment-full size-full\" alt=\"\" srcset=\"https:\/\/www.akiyamasettimo.it\/wp-content\/uploads\/2015\/11\/DSC_0178copia.jpg 1199w, https:\/\/www.akiyamasettimo.it\/wp-content\/uploads\/2015\/11\/DSC_0178copia-300x200.jpg 300w, https:\/\/www.akiyamasettimo.it\/wp-content\/uploads\/2015\/11\/DSC_0178copia-749x500.jpg 749w, https:\/\/www.akiyamasettimo.it\/wp-content\/uploads\/2015\/11\/DSC_0178copia-768x512.jpg 768w, https:\/\/www.akiyamasettimo.it\/wp-content\/uploads\/2015\/11\/DSC_0178copia-810x540.jpg 810w, https:\/\/www.akiyamasettimo.it\/wp-content\/uploads\/2015\/11\/DSC_0178copia-1140x761.jpg 1140w\" sizes=\"100vw\" \/><\/a>\n\t\t\t<\/div><\/figure>\n\t\t<\/div>\n\t\t<\/div>\n\t\t\t\t\t\t<\/div>\n\t\t\t\t<\/div>\n\t\t\t\t<div class=\"elementor-element elementor-element-aaad29b elementor-widget elementor-widget-spacer\" data-id=\"aaad29b\" data-element_type=\"widget\" data-e-type=\"widget\" data-widget_type=\"spacer.default\">\n\t\t\t\t<div class=\"elementor-widget-container\">\n\t\t\t\t\t\t\t<div class=\"elementor-spacer\">\n\t\t\t<div class=\"elementor-spacer-inner\"><\/div>\n\t\t<\/div>\n\t\t\t\t\t\t<\/div>\n\t\t\t\t<\/div>\n\t\t\t\t\t<\/div>\n\t\t<\/div>\n\t\t\t\t\t<\/div>\n\t\t<\/section>\n\t\t\t\t<\/div>\n\t\t","protected":false},"excerpt":{"rendered":"<p>Chi \u00e8 judoka una volta lo \u00e8 per sempre. Il gruppo amatori \u00e8 composto da ex agonisti\u00a0che gareggiavano proprio sotto il nome Akiyama e che ora continuano a praticare judo con l&#8217;entusiasmo di sempre, inoltre non mancano nuovi appassionati a questa disciplina\u00a0di tutte le et\u00e0! Gallery cinture nere e cinture colorate: insieme per progredire! cinture &hellip; <\/p>\n<p class=\"link-more\"><a href=\"https:\/\/www.akiyamasettimo.it\/?page_id=748\" class=\"more-link\">Leggi tutto<span class=\"screen-reader-text\"> &#8220;Judo Amatori&#8221;<\/span><\/a><\/p>\n","protected":false},"author":1,"featured_media":0,"parent":0,"menu_order":0,"comment_status":"closed","ping_status":"closed","template":"","meta":{"ngg_post_thumbnail":0,"inspiro_hide_title":false,"footnotes":""},"class_list":["post-748","page","type-page","status-publish","hentry"],"_links":{"self":[{"href":"https:\/\/www.akiyamasettimo.it\/index.php?rest_route=\/wp\/v2\/pages\/748","targetHints":{"allow":["GET"]}}],"collection":[{"href":"https:\/\/www.akiyamasettimo.it\/index.php?rest_route=\/wp\/v2\/pages"}],"about":[{"href":"https:\/\/www.akiyamasettimo.it\/index.php?rest_route=\/wp\/v2\/types\/page"}],"author":[{"embeddable":true,"href":"https:\/\/www.akiyamasettimo.it\/index.php?rest_route=\/wp\/v2\/users\/1"}],"replies":[{"embeddable":true,"href":"https:\/\/www.akiyamasettimo.it\/index.php?rest_route=%2Fwp%2Fv2%2Fcomments&post=748"}],"version-history":[{"count":14,"href":"https:\/\/www.akiyamasettimo.it\/index.php?rest_route=\/wp\/v2\/pages\/748\/revisions"}],"predecessor-version":[{"id":12497,"href":"https:\/\/www.akiyamasettimo.it\/index.php?rest_route=\/wp\/v2\/pages\/748\/revisions\/12497"}],"wp:attachment":[{"href":"https:\/\/www.akiyamasettimo.it\/index.php?rest_route=%2Fwp%2Fv2%2Fmedia&parent=748"}],"curies":[{"name":"wp","href":"https:\/\/api.w.org\/{rel}","templated":true}]}}