{"id":713,"date":"2015-06-05T13:29:57","date_gmt":"2015-06-05T13:29:57","guid":{"rendered":"http:\/\/www.akiyamasettimo.it\/?page_id=713"},"modified":"2022-04-03T14:10:12","modified_gmt":"2022-04-03T14:10:12","slug":"thai-box","status":"publish","type":"page","link":"https:\/\/www.akiyamasettimo.it\/?page_id=713","title":{"rendered":"Thai Box"},"content":{"rendered":"\t\t<div data-elementor-type=\"wp-page\" data-elementor-id=\"713\" class=\"elementor elementor-713\">\n\t\t\t\t\t\t<section class=\"elementor-section elementor-top-section elementor-element elementor-element-d814eac elementor-section-boxed elementor-section-height-default elementor-section-height-default\" data-id=\"d814eac\" data-element_type=\"section\" data-e-type=\"section\">\n\t\t\t\t\t\t<div class=\"elementor-container elementor-column-gap-default\">\n\t\t\t\t\t<div class=\"elementor-column elementor-col-100 elementor-top-column elementor-element elementor-element-3de4dec6\" data-id=\"3de4dec6\" data-element_type=\"column\" data-e-type=\"column\">\n\t\t\t<div class=\"elementor-widget-wrap elementor-element-populated\">\n\t\t\t\t\t\t<div class=\"elementor-element elementor-element-2efdb81e elementor-widget elementor-widget-text-editor\" data-id=\"2efdb81e\" data-element_type=\"widget\" data-e-type=\"widget\" data-widget_type=\"text-editor.default\">\n\t\t\t\t<div class=\"elementor-widget-container\">\n\t\t\t\t\t\t\t\t\t<p>La <strong>Thay boxe<\/strong> o <strong>Muay Thay<\/strong> \u00e8 lo sport da combattimento nazionale della Thailandia che prevede l\u2019utilizzo di Guantoni , tecniche di Boxe, calci ,gomiti e ginocchiate.\u00a0L\u2019allenamento della Thay Boxer \u00e8 uno dei pi\u00f9 completi allenamenti sportivi esistenti, si allenano tutte le parti del corpo costantemente per ottenere migliori prestazioni.\u00a0Il corso si adatta al grado di preparazione che si vuole ottenere, per i principianti\u00a0 si \u00e8 pianificato un allenamento che mette in condizione l\u2019allievo di apprendere senza affaticarlo eccessivamente.\u00a0Lo stesso con il passare del tempo arriver\u00e0 a seguire\u00a0la Thay Boxe\u00a0avanzata \/agonistica.<\/p><p>La storia della Muay Thay o Thay Boxe, \u00e8 una combinazione multifattoriale dato che \u00e8 uno sport ,un arte marziale,una forma di scienza,un arte, innegabile che si tramanda da pi\u00f9 di 2000 anni.<\/p><p>Ha origini antichissime nella cultura thailandese pi\u00f9 di 2000 anni .<\/p><p><strong>La thay boxe e una scienza che pu\u00f2 essere praticata da chiunque voglia essere introdotto in un mondo dove il coraggio e la sfida sono padroni<\/strong>.<\/p><p>Vi aspettiamo in palestra per allenarci insieme.<\/p><p>Sarete seguiti da maestri di valida esperienza nel mondo della Kick- Boxing e della Thay Boxing\u00a0<strong>:\u00a0<\/strong><strong>Giuseppe Eliseo e\u00a0<\/strong><strong>Davide Mignarri<\/strong><\/p><p><img fetchpriority=\"high\" decoding=\"async\" class=\"alignleft wp-image-9016 size-medium\" src=\"https:\/\/www.akiyamasettimo.it\/wp-content\/uploads\/2015\/06\/muay-thai2-300x188.jpg\" alt=\"muay-thai2\" width=\"300\" height=\"188\" srcset=\"https:\/\/www.akiyamasettimo.it\/wp-content\/uploads\/2015\/06\/muay-thai2-300x188.jpg 300w, https:\/\/www.akiyamasettimo.it\/wp-content\/uploads\/2015\/06\/muay-thai2-800x500.jpg 800w, https:\/\/www.akiyamasettimo.it\/wp-content\/uploads\/2015\/06\/muay-thai2-768x480.jpg 768w, https:\/\/www.akiyamasettimo.it\/wp-content\/uploads\/2015\/06\/muay-thai2-1536x960.jpg 1536w, https:\/\/www.akiyamasettimo.it\/wp-content\/uploads\/2015\/06\/muay-thai2-810x506.jpg 810w, https:\/\/www.akiyamasettimo.it\/wp-content\/uploads\/2015\/06\/muay-thai2-1140x713.jpg 1140w, https:\/\/www.akiyamasettimo.it\/wp-content\/uploads\/2015\/06\/muay-thai2.jpg 1680w\" sizes=\"(max-width: 300px) 100vw, 300px\" \/><\/p>\t\t\t\t\t\t\t\t<\/div>\n\t\t\t\t<\/div>\n\t\t\t\t\t<\/div>\n\t\t<\/div>\n\t\t\t\t\t<\/div>\n\t\t<\/section>\n\t\t\t\t<section class=\"elementor-section elementor-top-section elementor-element elementor-element-6249cc7 elementor-section-boxed elementor-section-height-default elementor-section-height-default\" data-id=\"6249cc7\" data-element_type=\"section\" data-e-type=\"section\">\n\t\t\t\t\t\t<div class=\"elementor-container elementor-column-gap-default\">\n\t\t\t\t\t<div class=\"elementor-column elementor-col-100 elementor-top-column elementor-element elementor-element-5318c93\" data-id=\"5318c93\" data-element_type=\"column\" data-e-type=\"column\">\n\t\t\t<div class=\"elementor-widget-wrap elementor-element-populated\">\n\t\t\t\t\t\t<div class=\"elementor-element elementor-element-ebfd966 elementor-widget elementor-widget-spacer\" data-id=\"ebfd966\" data-element_type=\"widget\" data-e-type=\"widget\" data-widget_type=\"spacer.default\">\n\t\t\t\t<div class=\"elementor-widget-container\">\n\t\t\t\t\t\t\t<div class=\"elementor-spacer\">\n\t\t\t<div class=\"elementor-spacer-inner\"><\/div>\n\t\t<\/div>\n\t\t\t\t\t\t<\/div>\n\t\t\t\t<\/div>\n\t\t\t\t<div class=\"elementor-element elementor-element-e03a514 elementor-hidden-mobile elementor-widget elementor-widget-shortcode\" data-id=\"e03a514\" data-element_type=\"widget\" data-e-type=\"widget\" data-widget_type=\"shortcode.default\">\n\t\t\t\t<div class=\"elementor-widget-container\">\n\t\t\t\t\t\t\t<div class=\"elementor-shortcode\"><div class=\"wptb-container-legacy\" data-table-id=\"12393\">\n    <table class=\"wptb-preview-table wptb-element-main-table_setting-12393\" style=\"border: 1px solid rgb(209, 209, 209);\" data-reconstraction=\"1\" data-wptb-table-tds-sum-max-width=\"654.8000000000001\" data-wptb-cells-width-auto-count=\"5\" data-wptb-extra-styles=\"LyogRW50ZXIgeW91ciBjdXN0b20gQ1NTIHJ1bGVzIGhlcmUgKi8=\" role=\"table\" data-table-columns=\"5\"><tbody><tr class=\"wptb-row\"><td class=\"wptb-cell\" data-y-index=\"0\" data-x-index=\"0\" style=\"border: 1px solid rgb(209, 209, 209);\" data-wptb-css-td-auto-width=\"true\"><div class=\"wptb-text-container wptb-ph-element wptb-element-text-1\" style=\"color: rgb(74, 85, 104); font-size: 15px;\"><div class=\"\" style=\"position: relative;\"><p><strong>KICK THAI BOX<\/strong><\/p><\/div><\/div><\/td><td class=\"wptb-cell\" data-y-index=\"0\" data-x-index=\"1\" style=\"border: 1px solid rgb(209, 209, 209);\" data-wptb-css-td-auto-width=\"true\"><div class=\"wptb-text-container wptb-ph-element wptb-element-text-2\" style=\"color: rgb(74, 85, 104); font-size: 15px;\"><div class=\"\" style=\"position: relative;\"><p>LU-GI<\/p><p>20:30 - 22:00<\/p><\/div><\/div><\/td><td class=\"wptb-cell\" data-y-index=\"0\" data-x-index=\"2\" style=\"border: 1px solid rgb(209, 209, 209);\" data-wptb-css-td-auto-width=\"true\"><div class=\"wptb-text-container wptb-ph-element wptb-element-text-3\" style=\"color: rgb(74, 85, 104); font-size: 15px;\"><div class=\"\" style=\"position: relative;\"><p>DAVIDE \/ ELISEO<br><\/p><\/div><\/div><\/td><td class=\"wptb-cell\" data-y-index=\"0\" data-x-index=\"3\" style=\"border: 1px solid rgb(209, 209, 209);\" data-wptb-css-td-auto-width=\"true\"><div class=\"wptb-text-container wptb-ph-element wptb-element-text-4\"><div class=\"\" style=\"position: relative;\"><p><\/p><\/div><\/div><\/td><td class=\"wptb-cell\" data-y-index=\"0\" data-x-index=\"4\" style=\"border: 1px solid rgb(209, 209, 209);\" data-wptb-css-td-auto-width=\"true\"><div class=\"wptb-text-container wptb-ph-element wptb-element-text-5\"><div class=\"\" style=\"position: relative;\"><p><\/p><\/div><\/div><\/td><\/tr><\/tbody><\/table>\n\n<\/div>\n\n                <\/div>\n\t\t\t\t\t\t<\/div>\n\t\t\t\t<\/div>\n\t\t\t\t<div class=\"elementor-element elementor-element-4e1db5b elementor-hidden-desktop elementor-hidden-tablet elementor-widget elementor-widget-image\" data-id=\"4e1db5b\" data-element_type=\"widget\" data-e-type=\"widget\" data-widget_type=\"image.default\">\n\t\t\t\t<div class=\"elementor-widget-container\">\n\t\t\t\t\t\t\t\t\t\t\t\t\t\t\t<img decoding=\"async\" width=\"950\" height=\"100\" src=\"https:\/\/www.akiyamasettimo.it\/wp-content\/uploads\/2022\/04\/thai-1024x108.jpg\" class=\"attachment-large size-large wp-image-12852\" alt=\"\" srcset=\"https:\/\/www.akiyamasettimo.it\/wp-content\/uploads\/2022\/04\/thai-1024x108.jpg 1024w, https:\/\/www.akiyamasettimo.it\/wp-content\/uploads\/2022\/04\/thai-300x32.jpg 300w, https:\/\/www.akiyamasettimo.it\/wp-content\/uploads\/2022\/04\/thai-768x81.jpg 768w, https:\/\/www.akiyamasettimo.it\/wp-content\/uploads\/2022\/04\/thai.jpg 1280w\" sizes=\"100vw\" \/>\t\t\t\t\t\t\t\t\t\t\t\t\t\t\t<\/div>\n\t\t\t\t<\/div>\n\t\t\t\t<div class=\"elementor-element elementor-element-6182db6 elementor-widget elementor-widget-spacer\" data-id=\"6182db6\" data-element_type=\"widget\" data-e-type=\"widget\" data-widget_type=\"spacer.default\">\n\t\t\t\t<div class=\"elementor-widget-container\">\n\t\t\t\t\t\t\t<div class=\"elementor-spacer\">\n\t\t\t<div class=\"elementor-spacer-inner\"><\/div>\n\t\t<\/div>\n\t\t\t\t\t\t<\/div>\n\t\t\t\t<\/div>\n\t\t\t\t\t<\/div>\n\t\t<\/div>\n\t\t\t\t\t<\/div>\n\t\t<\/section>\n\t\t\t\t<section class=\"elementor-section elementor-top-section elementor-element elementor-element-c4c7207 elementor-section-boxed elementor-section-height-default elementor-section-height-default\" data-id=\"c4c7207\" data-element_type=\"section\" data-e-type=\"section\">\n\t\t\t\t\t\t<div class=\"elementor-container elementor-column-gap-default\">\n\t\t\t\t\t<div class=\"elementor-column elementor-col-100 elementor-top-column elementor-element elementor-element-e1e4ec5\" data-id=\"e1e4ec5\" data-element_type=\"column\" data-e-type=\"column\">\n\t\t\t<div class=\"elementor-widget-wrap elementor-element-populated\">\n\t\t\t\t\t\t<div class=\"elementor-element elementor-element-da4b39a elementor-widget elementor-widget-heading\" data-id=\"da4b39a\" data-element_type=\"widget\" data-e-type=\"widget\" data-widget_type=\"heading.default\">\n\t\t\t\t<div class=\"elementor-widget-container\">\n\t\t\t\t\t<h2 class=\"elementor-heading-title elementor-size-medium\">Gallery<\/h2>\t\t\t\t<\/div>\n\t\t\t\t<\/div>\n\t\t\t\t<div class=\"elementor-element elementor-element-0471835 elementor-widget-divider--view-line elementor-widget elementor-widget-divider\" data-id=\"0471835\" data-element_type=\"widget\" data-e-type=\"widget\" data-widget_type=\"divider.default\">\n\t\t\t\t<div class=\"elementor-widget-container\">\n\t\t\t\t\t\t\t<div class=\"elementor-divider\">\n\t\t\t<span class=\"elementor-divider-separator\">\n\t\t\t\t\t\t<\/span>\n\t\t<\/div>\n\t\t\t\t\t\t<\/div>\n\t\t\t\t<\/div>\n\t\t\t\t<div class=\"elementor-element elementor-element-df9ebbf elementor-widget elementor-widget-video\" data-id=\"df9ebbf\" data-element_type=\"widget\" data-e-type=\"widget\" data-settings=\"{&quot;video_type&quot;:&quot;hosted&quot;,&quot;controls&quot;:&quot;yes&quot;}\" data-widget_type=\"video.default\">\n\t\t\t\t<div class=\"elementor-widget-container\">\n\t\t\t\t\t\t\t<div class=\"e-hosted-video elementor-wrapper elementor-open-inline\">\n\t\t\t\t\t<video class=\"elementor-video\" src=\"https:\/\/www.akiyamasettimo.it\/wp-content\/uploads\/2022\/04\/WhatsApp-Video-2022-03-31-at-09.52.02.mp4\" controls=\"\" preload=\"metadata\" controlsList=\"nodownload\"><\/video>\n\t\t\t\t<\/div>\n\t\t\t\t\t\t<\/div>\n\t\t\t\t<\/div>\n\t\t\t\t\t<\/div>\n\t\t<\/div>\n\t\t\t\t\t<\/div>\n\t\t<\/section>\n\t\t\t\t<\/div>\n\t\t","protected":false},"excerpt":{"rendered":"<p>La Thay boxe o Muay Thay \u00e8 lo sport da combattimento nazionale della Thailandia che prevede l\u2019utilizzo di Guantoni , tecniche di Boxe, calci ,gomiti e ginocchiate.\u00a0L\u2019allenamento della Thay Boxer \u00e8 uno dei pi\u00f9 completi allenamenti sportivi esistenti, si allenano tutte le parti del corpo costantemente per ottenere migliori prestazioni.\u00a0Il corso si adatta al grado &hellip; <\/p>\n<p class=\"link-more\"><a href=\"https:\/\/www.akiyamasettimo.it\/?page_id=713\" class=\"more-link\">Leggi tutto<span class=\"screen-reader-text\"> &#8220;Thai Box&#8221;<\/span><\/a><\/p>\n","protected":false},"author":1,"featured_media":0,"parent":0,"menu_order":0,"comment_status":"open","ping_status":"open","template":"","meta":{"ngg_post_thumbnail":0,"inspiro_hide_title":false,"footnotes":""},"class_list":["post-713","page","type-page","status-publish","hentry"],"_links":{"self":[{"href":"https:\/\/www.akiyamasettimo.it\/index.php?rest_route=\/wp\/v2\/pages\/713","targetHints":{"allow":["GET"]}}],"collection":[{"href":"https:\/\/www.akiyamasettimo.it\/index.php?rest_route=\/wp\/v2\/pages"}],"about":[{"href":"https:\/\/www.akiyamasettimo.it\/index.php?rest_route=\/wp\/v2\/types\/page"}],"author":[{"embeddable":true,"href":"https:\/\/www.akiyamasettimo.it\/index.php?rest_route=\/wp\/v2\/users\/1"}],"replies":[{"embeddable":true,"href":"https:\/\/www.akiyamasettimo.it\/index.php?rest_route=%2Fwp%2Fv2%2Fcomments&post=713"}],"version-history":[{"count":28,"href":"https:\/\/www.akiyamasettimo.it\/index.php?rest_route=\/wp\/v2\/pages\/713\/revisions"}],"predecessor-version":[{"id":12872,"href":"https:\/\/www.akiyamasettimo.it\/index.php?rest_route=\/wp\/v2\/pages\/713\/revisions\/12872"}],"wp:attachment":[{"href":"https:\/\/www.akiyamasettimo.it\/index.php?rest_route=%2Fwp%2Fv2%2Fmedia&parent=713"}],"curies":[{"name":"wp","href":"https:\/\/api.w.org\/{rel}","templated":true}]}}